.
-11101000
34243 (base 7) to base 4
2020000
Convert 1421 (base 5) to base 14.
12c
What is 2111001 (base 3) in base 13?
a93
-81b7 (base 13) to base 11
-12499
What is -1ba (base 14) in base 3?
-111100
930 (base 10) to base 16
3a2
What is -14d5c (base 14) in base 9?
-78322
Convert -34410 (base 5) to base 11.
-1955
-201212100 (base 3) to base 9
-21770
111000000 (base 3) to base 14
364d
-496 (base 12) to base 3
-221120
What is 2ad (base 15) in base 4?
21211
What is -1b9 (base 14) in base 3?
-111022
What is 25702 (base 11) in base 2?
1000111110110010
-22010 (base 3) to base 10
-219
Convert b5 (base 16) to base 6.
501
What is 12471 (base 12) in base 8?
60425
Convert cb8 (base 15) to base 14.
1093
What is 110101001101111 (base 2) in base 4?
12221233
4161 (base 10) to base 11
3143
What is 33201 (base 5) in base 11?
1802
What is -23 (base 9) in base 15?
-16
What is 12332011 (base 4) in base 11?
1a4a4
131540 (base 6) to base 5
341314
421b (base 14) to base 10
11393
-1010222210 (base 3) to base 5
-1210333
Convert -1c37 (base 13) to base 4.
-1002233
56444 (base 7) to base 8
33723
-131042 (base 5) to base 6
-35455
What is -4a62 (base 12) in base 8?
-20352
72634 (base 9) to base 11
32a98
10d7 (base 15) to base 3
11220111
-26120 (base 7) to base 10
-6923
What is -11534 (base 11) in base 13?
-7740
Convert -5c3 (base 16) to base 13.
-896
Convert -667 (base 10) to base 3.
-220201
-34653 (base 7) to base 14
-3363
Convert -f34 (base 16) to base 6.
-30004
-b01 (base 14) to base 13
-c9c
What is 30331 (base 6) in base 16?
faf
What is 100000000101001 (base 2) in base 9?
24470
42233 (base 5) to base 6
21014
Convert a508 (base 11) to base 9.
21080
Convert 64802 (base 9) to base 16.
a7b4
What is 0 (base 4) in base 15?
0
What is 110121002 (base 3) in base 2?
10001111011110
-111020 (base 3) to base 7
-1020
-11010114 (base 5) to base 15
-1ce8e
What is -20251 (base 7) in base 8?
-11510
What is -9345 (base 12) in base 4?
-3322211
What is -892 (base 14) in base 9?
-2284
Convert -100244 (base 5) to base 3.
-11101111
-4044 (base 14) to base 11
-8323
What is 101101100010 (base 2) in base 12?
182a
Convert -607 (base 12) to base 9.
-1167
-1241 (base 8) to base 11
-562
What is 311553 (base 6) in base 3?
1021100220
14241 (base 5) to base 16
4ac
15e5 (base 15) to base 4
1021223
Convert -1958 (base 12) to base 13.
-153b
Convert -13030 (base 4) to base 5.
-3320
-1545 (base 6) to base 14
-225
What is 130053 (base 6) in base 14?
4397
Convert -1234 (base 8) to base 11.
-558
What is 285 (base 13) in base 6?
2023
What is -17163 (base 9) in base 5?
-334202
What is -734 (base 8) in base 16?
-1dc
Convert 24b4 (base 14) to base 16.
191e
What is -1100000111 (base 2) in base 13?
-478
700 (base 9) to base 13
348
-32031 (base 4) to base 6
-4113
-402 (base 7) to base 12
-146
Convert 336 (base 16) to base 12.
586
-20010212 (base 3) to base 7
-16025
Convert -18e3 (base 15) to base 13.
-25b6
2220 (base 6) to base 4
20010
Convert 110110001000 (base 2) to base 15.
105e
What is -13113 (base 4) in base 7?
-1242
What is 632a (base 14) in base 8?
41302
2234 (base 8) to base 2
10010011100
Convert -25491 (base 10) to base 11.
-18174
-5045 (base 6) to base 9
-1462
-221201222 (base 3) to base 12
-aa38
What is 1b00 (base 12) in base 10?
3312
What is 1203 (base 8) in base 5?
10033
What is -4180 (base 11) in base 16?
-159d
Convert 8743 (base 11) to base 2.
10110100010110
11112012 (base 3) to base 6
23135
20844 (base 10) to base 9
31530
-1022200 (base 3) to base 6
-4243
What is -1fc5 (base 16) in base 12?
-4859
-1da (base 14) to base 2
-110000100
-11901 (base 12) to base 13
-aa7a
What is -821 (base 10) in base 13?
-4b2
Convert 32124 (base 5) to base 14.
b08
What is 434113 (base 5) in base 9?
22404
2126 (base 8) to base 14
594
2044 (base 6) to base 16
1cc
What is 10001100 (base 4) in base 5?
1011324
Convert -110001100000011 (base 2) to base 7.
-133620
Convert -6169 (base 10) to base 15.
-1c64
What is 10340 (base 6) in base 14?
740
-117 (base 15) to base 16
-f7
Convert -17683 (base 10) to base 15.
-538d
What is -57830 (base 9) in base 10?
-38583
Convert -388a8 (base 11) to base 9.
-84311
Convert -32670 (base 8) to base 4.
-3112320
Convert 226 (base 15) to base 5.
3421
Convert -2b98 (base 13) to base 12.
-3836
What is 217665 (base 8) in base 13?
276a8
What is 653 (base 9) in base 2?
1000010110
66715 (base 10) to base 7
365335
What is -36b (base 15) in base 16?
-308
What is 14702 (base 8) in base 4?
1213002
What is 1514 (base 7) in base 12?
41b
-8d1d (base 16) to base 8
-106435
What is 1110111001 (base 2) in base 3?
1022022
Convert -295 (base 12) to base 9.
-485
251443 (base 6) to base 10
22419
Convert -38a7 (base 13) to base 2.
-1111110010000
-210 (base 14) to base 7
-1120
What is 11248 (base 9) in base 7?
30566
11507 (base 8) to base 4
1031013
Convert -10356 (base 7) to base 15.
-b79
What is -46 (base 9) in base 15?
-2c
-26612 (base 8) to base 7
-45663
What is -4712 (base 14) in base 13?
-5821
Convert ac36 (base 16) to base 12.
2161a
Convert -2020020 (base 3) to base 13.
-981
-286 (base 10) to base 8
-436
What is 1110011010001110 (base 2) in base 7?
334035
-11255 (base 7) to base 6
-21202
Convert 2215 (base 7) to base 14.
40c
What is e57 (base 15) in base 12?
1a54
Convert -1111111101100 (base 2) to base 13.
-3948
Convert -101022122 (base 3) to base 14.
-2a55
Convert -96 (base 16) to base 10.
-150
What is -20111021 (base 4) in base 8?
-102511
128a (base 15) to base 8
7563
Convert 2500 (base 9) to base 15.
843
What is 2012202211 (base 3) in base 8?
125065
Convert 201221 (base 3) to base 11.
44a
What is 1366 (base 8) in base 10?
758
Convert 1185 (base 10) to base 7.
3312
What is 39a58 (base 11) in base 12?
29107
-240 (base 8) to base 5
-1120
-1158 (base 14) to base 3
-11010210
Convert -36161 (base 11) to base 3.
-2122110112
What is -2334014 (base 5) in base 12?
-20a81
3fd8 (base 16) to base 7
65436
63 (base 15) to base 4
1131
Convert -142133 (base 5) to base 15.
-1b48
-220120 (base 3) to base 13
-3c0
14aa (base 14) to base 9
5036
-28741 (base 12) to base 13
-1c85b
Convert -41061 (base 7) to base 11.
-7562
What is 2764 (base 8) in base 14?
7ac
-185 (base 14) to base 15
-15d
Convert -54060 (base 9) to base 12.
-18853
Convert -30250 (base 11) to base 5.
-2403340
What is -6513 (base 7) in base 3?
-10011200
What is -201020 (base 3) in base 8?
-1007
-106513 (base 9) to base 5
-4020330
What is -3203 (base 7) in base 10?
-1130
Convert 71b (base 14) to base 8.
2565
Convert -34bc (base 14) to base 12.
-5392
What is -1762 (base 9) in base 3?
-1212002
-24242 (base 7) to base 8
-14236
Convert -946 (base 11) to base 15.
-50e
What is -10130 (base 4) in base 7?
-554
Convert 521d (base 15) to base 5.
1023403
Convert 10000100100110001 (base 2) to base 13.
24b93
Convert 3503 (base 6) to base 8.
1477
Convert 11201100 (base 3) to base 6.
23530
Convert -216650 (base 7) to base 12.
-1a282
10012001020 (base 3) to base 14
18c07
-1a0d (base 14) to base 8
-11155
Convert -273 (base 13) to base 11.
-363
Convert 6ccd (base 14) to base 16.
4a35
Convert -505c (base 13) to base 9.
-16151
What is -19574 (base 14) in base 9?
-107046
Convert -6186 (base 14) to base 10.
-16778
Convert -1007 (base 9) to base 4.
-23200
Convert 1321 (base 5) to base 6.
551
What is 302 (base 9) in base 13?
15b
Convert 101010011 (base 3) to base 6.
54051
Convert -2c (base 14) to base 10.
-40
79 (base 13) to base 12
84
What is 2826 (base 10) in base 16?
b0a
Convert -2 (base 6) to base 15.
-2
What is -10101001000100 (base 2) in base 4?
-2221010
Convert -244311 (base 6) to base 11.
-15351
Convert -102221 (base 4) to base 13.
-70a
Convert 1434 (base 11) to base 12.
10a4
What is 1240 (base 8) in base 16?
2a0
What is -e2 (base 15) in base 14?
-112
Convert -3a1 (base 14) to base 15.
-339
Convert -348 (base 10) to base 9.
-426
What is -2460 (base 9) in base 14?
-952
What is 1075 (base 10) in base 2?
10000110011
233133 (base 5) to base 13
3b72
Convert -267 (base 16) to base 15.
-2b0
-11467 (base 8) to base 13
-2315
Convert -2233 (base 5) to base 15.
-163
Convert -3865 (base 9) to base 4.
-231032
-1010011100 (base 2) to base 3
-220202
3d20 (base 16) to base 5
1000043
-20202 (base 3) to base 7
-350
1d5 (base 15) to base 3
120202
Convert 74150 (base 8) to base 11.
21182
Convert 3280 (b